*r. Calculate t(q).
1
Let f(w) = 1. Let x(y) = y**2 - 8*y + 1. Let z(b) = -5*f(b) - x(b). Calculate z(5).
9
Let f(k) = -305*k - k**2 + 296*k - 18 + 5. Calculate f(-9).
-13
Let z = 25 + -25. Suppose -4*s - 6 + 10 = z. Let r(j) = -j**2 + j - 1. Determine r(s).
-1
Let j(l) = 17*l + 1. Suppose -d = -2*w - 9, -5*w = 2*d - 4*d + 23. Determine j(d).
-16
Let o(c) = c**2 + 10*c + 2. Let r be o(-12). Let p(i) = 23*i**3 + r*i**3 - 6*i**2 - 2 - 48*i**3. Give p(6).
-2
Suppose 4*h + 5*t = 37, 0 = -5*h - 4*t + 32 + 3. Let d(x) = 2*x**2 - 1 - h*x**2 + 7*x + 0*x**2 - 2. Let o(w) = -7*w + 96. Let i be o(13). Determine d(i).
7
Let c(p) = 1. Let w(g) = -2*g + 9 - 5 + 0. Let x(u) = -12*c(u) + 3*w(u). What is x(1)?
-6
Let w(b) = -b**3 + 5*b**2 + 9*b - 7. Suppose -2*z + 0*z = -5*m + 38, -m = -5*z - 26. Calculate w(m).
11
Let s(h) = -9*h + 74. Let c be s(8). Suppose 0 = -0*x - 3*x - 3*b, 0 = 2*x + b. Let m(l) = -6 + l**2 + 0*l**c + x*l**2 + 3. Calculate m(-3).
6
Let r(k) be the third derivative of 0 + 1/6*k**3 + 0*k - 1/24*k**4 - 13*k**2. Determine r(-3).
4
Suppose 76 = -3*x + 85. Suppose 3*y = -y + 8. Let k(w) = 0*w**y + x*w**2 - 3 + 0*w**2 - 4*w**2. What is k(-3)?
-12
Suppose 2 - 20 = 3*k. Let h(j) = -j**3 - 5*j**2 + 8*j + 8. Give h(k).
-4
Suppose 3*n - 3 = 0, -8*f + 2*n - 10 = -6*f. Let x(u) = -u**3 + 4*u - 3. Give x(f).
45
Let v(g) be the third derivative of -g**8/20160 - g**7/1260 + g**6/360 - 17*g**5/60 - 18*g**2. Let s(k) be the third derivative of v(k). Give s(-4).
2
Let v(t) = t**2 + 4*t - 5. Let w = 1724 - 1729. Calculate v(w).
0
Let l = -285 - -287. Let g(o) = -o**3 + o**2 + 3*o - 1. Give g(l).
1
Let l(d) = 2*d**2 - 8*d + 6. Let q be l(3). Let s(p) be the third derivative of -2*p**3 + p**2 + 1/24*p**4 + 0 + 0*p. Give s(q).
-12
Let t(z) = -5*z + 3 - 26 - z**2 + 12 + 8*z**2 - z**3. What is t(6)?
-5
Let v be (-3)/5 + 172/120. Let u(g) be the second derivative of -v*g**3 - 2*g**2 - 6*g - 1/20*g**5 + 0 - 5/12*g**4. Determine u(-3).
-7
Let y be 4 + -4 + 4*1. Suppose 5 + 7 = y*l. Let m(j) = 4*j**l + 1 + 0 - 3*j**3 + 4*j - 6*j**2. What is m(5)?
-4
Let l be (-15)/(-6) - 29/2. Let a(d) be the first derivative of d**3/3 + 7*d**2 + 15*d + 7. Determine a(l).
-9
Let c(i) be the first derivative of i**5/60 - i**4/4 - 2*i**3/3 - 15*i**2/2 + 11. Let b(w) be the second derivative of c(w). Calculate b(3).
-13
Let s(w) = 13*w - 28. Let u(b) = -11*b + 25. Let g(k) = -6*s(k) - 7*u(k). Suppose 5*z + 3 = -22. Determine g(z).
-2
Let t = 25 - 19. Suppose -t = -3*h + z, -5*z = 2*h + 3*h - 30. Suppose -3*p - 6 = -3*q, p = -h*q + 3*p + 9. Let r(u) = -u**2 + 4*u - 3. Calculate r(q).
-8
Let c(u) = u + 11. Let r(w) = -2*w**3 + 24*w + 4. Let b be r(-3). Calculate c(b).
-3
Let c(l) = 5*l**2 + 46*l + 21. Let g(j) = -11*j**2 - 100*j - 43. Let t(k) = -9*c(k) - 4*g(k). Determine t(-10).
23
Suppose -2*j + 3*a + 2*a = 14, 18 = 2*j + 3*a. Suppose -9*s = -j*s - 36. Let w(i) = 3 - 5*i**2 + 1 - s*i - i + i**3. What is w(6)?
-2
Let r(c) = -3*c**3 + 298*c**2 - 297*c**2 + c**3. Give r(2).
-12
Let h(u) be the second derivative of u**5/10 + u**4 + 11*u**3/6 + u**2 + 213*u. Calculate h(-5).
-3
Let j = -7 + 9. Suppose -j*p = -p. Let l(z) be the second derivative of z**3/6 - z**2 - 10*z. What is l(p)?
-2
Let a(k) be the third derivative of 24*k**2 + 0 + 1/3*k**3 + 1/8*k**4 + 0*k. Calculate a(2).
8
Let y(b) = b**2 + 5*b - 5. Suppose 3*d - 5*c = -49, -4*d = -d - 3*c + 45. Suppose -37 + 9 = -4*z. Let n = z + d. Give y(n).
1
Let d(h) = -5 + h**2 - h + 0*h - 5*h. Suppose 3*i - 162 = 6*i. Let l be 2/((-20)/i) - 36/90. Give d(l).
-10
Let k be 2 - -1 - (-1 - 0). Let l(d) be the third derivative of d**5/60 - d**4/4 + 2*d**3/3 + 2*d**2. Determine l(k).
-4
Let a be -1 + 3 - (10 + -6). Let s(o) = 2*o. Determine s(a).
-4
Let a(u) = 0 + 2 - 6*u**3 - u**2 - 6*u**3 + 7*u**3 - 1. What is a(-1)?
5
Let p(j) = -2*j**2 - j + j**2 + 3*j**2. Suppose -369*d = -374*d - 5. Give p(d).
3
Let l(y) = y**3 + 9*y**2 - y - 11. Suppose 0 = 17*w + 23 + 130. Give l(w).
-2
Let x(f) = -3*f**3 + 2*f**2 - 3*f + 1. Let h be x(1). Let n(w) be the third derivative of w**5/60 + w**4/8 + w**3/3 + 2*w**2. What is n(h)?
2
Let l(b) = b**3 + 16*b**2 + 15*b. Let p be l(-15). Let h(q) = q**2 - q. Let j(m) = -m**3 - 5*m**2 + 5*m - 4. Let r(w) = 4*h(w) + j(w). Determine r(p).
-4
Suppose 4*g - 7 = r, g = -5*r + 8 + 20. Let a be -1*g + 15/5. Let l(f) = f**3 - 1 + f + 8 + 0*f. Determine l(a).
7
Suppose -2*t + 58 - 258 = 0. Let x be (-10)/t - (-49)/10. Let z(v) = v**3 - 5*v**2 - 2*v + 6. Determine z(x).
-4
Let v be -2 - ((-3)/(-3) + -2 + 1). Let t(y) = 0*y + 0*y**3 - 1 - 4*y + y**3. Let o be t(v). Let g(c) = 14*c**3 + c**2 - c - 1. Determine g(o).
-13
Let z = 261 + -263. Let f(a) = a**3 + a**2 + a - 1. Determine f(z).
-7
Suppose -12*g = -0*g + 60. Let z(a) = a**2 + 5*a - 2. Let i be z(-6). Let u(o) = -2*o + 0 - 2 - i. Determine u(g).
4
Let x(t) = -t**3 + t**2 - t - 2. Suppose 26*s = 23*s + 9. Let v be s + -2 + 3 + -2. What is x(v)?
-8
Let r(p) = -5*p**3 - 8*p**2 + p + 6. Let j(n) = -14*n**3 - 23*n**2 + 3*n + 17. Suppose t = 2 - 8. Let d(s) = t*j(s) + 17*r(s). Calculate d(3).
-12
Let s(u) = 17*u - 28. Let b(j) = -8*j + 13. Let a(d) = 13*b(d) + 6*s(d). Give a(5).
-9
Let p be ((-9)/(-12))/(8/32). Let z(i) = 0*i**2 - 2*i**2 - 2*i**3 + p + i**2 + i - 4. Let r(n) = n**3 + 5*n**2 - n - 7. Let f be r(-5). What is z(f)?
9
Let j(w) = w**3 - 6*w**2 - 2*w + 9. Let z = -50 + 54. Let d(q) = 5*q - 14. Let y be d(z). Determine j(y).
-3
Suppose -72 = 15*w - 6*w. Let z(y) = y**2 + 10*y + 11. What is z(w)?
-5
Let n be ((-81)/12)/9 + 11/4. Let z(q) be the second derivative of 0*q**2 - 1/12*q**4 + 1/20*q**5 + 1/6*q**3 + 0 + q. Calculate z(n).
6
Let j(y) = 88 - 44 + y**2 - 45 + 25*y**3. Give j(-1).
-25
Suppose 4*r + 5 = -3*y, 4*r - 6 = -5*y - 1. Suppose 0 = y*p + 3 + 2. Let m(h) = 4*h**3 - h**2 - h - 1. What is m(p)?
-5
Let c(t) = t + 6. Let x be c(0). Suppose -5*h = u + 1, -u + 2*u - 5*h - 49 = 0. Let z(p) = -6*p - p**3 + u + 7*p**2 - 17 - 8. Determine z(x).
-1
Let i(j) = -3*j**3 + j. Let v be i(-1). Let y(l) be the first derivative of -l**4/4 + l**3 - 2*l**2 + 3*l + 195. Calculate y(v).
-1
Let p(x) = -8 - 345*x - 2 - 1 + 347*x. What is p(7)?
3
Let q(k) = k**2 - 5*k - 3. Let f(c) = -2*c**2 + 10*c + 7. Let n(g) = 4*f(g) + 7*q(g). Let x be n(5). Let j(i) = -5 + 0*i**2 - 3*i + i**2 - 3*i. Determine j(x).
2
Let p(x) be the first derivative of -x**5/60 + x**4/8 - 4*x**3/3 + 4. Let u(i) be the third derivative of p(i). Let b be 0 + 2 + -2 - -3. What is u(b)?
-3
Let i = -564 - -572. Let w(k) = -k**2 + 6*k + 7. What is w(i)?
-9
Let b be (-28)/378 - (-85)/540. Let z(q) be the second derivative of -1/2*q**2 + 1/3*q**3 + 7*q + 0 + 3/20*q**5 - b*q**4. Give z(1).
3
Let a(j) = -227*j**2 - 9 - 232*j**2 + 468*j**2 + 2*j - j**3. What is a(9)?
9
Suppose 79 + 216 + 123 = 38*w. Let k(g) = 12*g**2 + 6*g - g**3 + 2 - 16*g - 6. Determine k(w).
7
Let p(i) be the first derivative of -3*i**4/4 - i**3/3 + i**2 + 8. Give p(-2).
16
Let w(m) = 6*m - 2. Let c(v) = v + 15. Let r be c(-12). Let o be (-3)/(4 - r) + 0. Calculate w(o).
-20
Let f(s) be the third derivative of 11*s**4/12 + s**3/6 - 179*s**2. What is f(1)?
23
Let a = 22 - 16. Suppose 0 = -5*z - 9 - a. Let d(c) = -3*c**3 + 3*c + 2. Let y(p) = 13*p**3 - p**2 - 11*p - 7. Let b(g) = -9*d(g) - 2*y(g). Calculate b(z).
2
Let w be (90/24 - 4)*-2. Let v(s) be the first derivative of -4*s - w*s**2 - 2. What is v(-2)?
-2
Let f be -39*3/(-36)*-4. Let x(s) = -s**3 - 13*s**2 - s - 8. Let y be x(f). Suppose y*l + 6 = 8*l. Let w(u) = 3*u**2 - 2*u - 1. Give w(l).
7
Let i(k) be the first derivative of -3*k + 3/2*k**2 - 1/12*k**4 + 1/2*k**3 - 8. Let b(q) be the first derivative of i(q). Calculate b(4).
-1
Let m(x) = x**2 + 5*x - 5. Suppose 0 = u + 5*p + 15, 3*u + 16 = 3*p - 11. Let q(a) = 2*a**2 + 21*a + 5. Let y be q(u). Give m(y).
-5
Let n be ((-25)/10)/(-5) - 3/2. Let d(v) = -32*v + 557 - 557. Determine d(n).
32
Let q = -117 - -130. Let v(z) = 1. Let c(r) = -3*r - 4. Let l(k) = -c(k) + 6*v(k). Let m(p) = 7*p + 21. Let j(x) = q*l(x) - 6*m(x). What is j(3)?
-5
Let m(c) = -52*c + 26. Let n(v) = -11*v + 5. Let g(b) = -3*m(b) + 14*n(b). What is g(6)?
4
Let f(v) = -v**3 + v**2 + 5*v + 7. Let w(u) = 8*u**2 - 41*u - 44. Let q be w(-1). Give f(q).
-68
Suppose i + 3*a = -1, a